ens digit of 13526?
2
What is the tens digit of 4112?
1
What is the thousands digit of 7373?
7
What is the hundreds digit of 2807?
8
What is the ten thousands digit of 51311?
5
What is the tens digit of 3793?
9
What is the hundreds digit of 12654?
6
What is the thousands digit of 20381?
0
What is the tens digit of 847?
4
What is the tens digit of 41037?
3
What is the units digit of 63428?
8
What is the units digit of 79?
9
What is the units digit of 3424?
4
What is the hundreds digit of 15852?
8
What is the hundreds digit of 321?
3
What is the tens digit of 873?
7
What is the hundreds digit of 649?
6
What is the ten thousands digit of 18903?
1
What is the tens digit of 2452?
5
What is the thousands digit of 16006?
6
What is the tens digit of 10216?
1
What is the hundreds digit of 164761?
7
What is the tens digit of 455?
5
What is the thousands digit of 1329?
1
What is the tens digit of 1042?
4
What is the tens digit of 69?
6
What is the ten thousands digit of 17447?
1
What is the hundreds digit of 3894?
8
What is the units digit of 2384?
4
What is the thousands digit of 179715?
9
What is the ten thousands digit of 65468?
6
What is the units digit of 73?
3
What is the hundreds digit of 18996?
9
What is the units digit of 3681?
1
What is the tens digit of 1231?
3
What is the tens digit of 101404?
0
What is the tens digit of 1560?
6
What is the units digit of 6516?
6
What is the units digit of 873?
3
What is the thousands digit of 3873?
3
What is the units digit of 162?
2
What is the tens digit of 944?
4
What is the tens digit of 1214?
1
What is the units digit of 2940?
0
What is the tens digit of 1419?
1
What is the tens digit of 10804?
0
What is the tens digit of 16495?
9
What is the tens digit of 82305?
0
What is the units digit of 80967?
7
What is the hundreds digit of 656?
6
What is the units digit of 812?
2
What is the thousands digit of 8930?
8
What is the units digit of 52483?
3
What is the tens digit of 335?
3
What is the units digit of 2356?
6
What is the hundreds digit of 1179?
1
What is the thousands digit of 1386?
1
What is the units digit of 1013?
3
What is the thousands digit of 92010?
2
What is the tens digit of 15147?
4
What is the ten thousands digit of 74196?
7
What is the tens digit of 44993?
9
What is the units digit of 4818?
8
What is the units digit of 9884?
4
What is the hundreds digit of 4272?
2
What is the tens digit of 28480?
8
What is the units digit of 30831?
1
What is the hundreds digit of 861?
8
What is the thousands digit of 16279?
6
What is the tens digit of 7331?
3
What is the units digit of 4309?
9
What is the ten thousands digit of 43920?
4
What is the hundreds digit of 2533?
5
What is the thousands digit of 15243?
5
What is the units digit of 13762?
2
What is the tens digit of 16967?
6
What is the units digit of 20062?
2
What is the ten thousands digit of 43192?
4
What is the hundreds digit of 558?
5
What is the thousands digit of 8229?
8
What is the tens digit of 66934?
3
What is the ten thousands digit of 17494?
1
What is the tens digit of 2060?
6
What is the tens digit of 322?
2
What is the thousands digit of 4179?
4
What is the units digit of 5412?
2
What is the hundreds digit of 847?
8
What is the thousands digit of 3868?
3
What is the tens digit of 59608?
0
What is the hundreds digit of 1145?
1
What is the units digit of 4114?
4
What is the units digit of 65758?
8
What is the units digit of 1072?
2
What is the tens digit of 6828?
2
What is the ten thousands digit of 15205?
1
What is the hundreds digit of 2115?
1
What is the units digit of 1205?
5
What is the tens digit of 679?
7
What is the units digit of 809?
9
What is the thousands digit of 2589?
2
What is the tens digit of 1848?
4
What is the hundred thousands digit of 117800?
1
What is the thousands digit of 1182?
1
What is the units digit of 2317?
7
What is the hundreds digit of 4455?
4
What is the units digit of 536?
6
What is the units digit of 22895?
5
What is the tens digit of 1139?
3
What is the units digit of 111?
1
What is the units digit of 3?
3
What is the tens digit of 20317?
1
What is the units digit of 4336?
6
What is the tens digit of 2547?
4
What is the hundreds digit of 1192?
1
What is the tens digit of 19324?
2
What is the tens digit of 9270?
7
What is the tens digit of 79454?
5
What is the units digit of 140?
0
What is the units digit of 5926?
6
What is the units digit of 743?
3
What is the tens digit of 1167?
6
What is the units digit of 1043?
3
What is the thousands digit of 18790?
8
What is the tens digit of 5839?
3
What is the thousands digit of 156267?
6
What is the tens digit of 4574?
7
What is the units digit of 22687?
7
What is the units digit of 20?
0
What is the ten thousands digit of 27212?
2
What is the tens digit of 559?
5
What is the thousands digit of 69434?
9
What is the hundreds digit of 38879?
8
What is the hundreds digit of 6374?
3
What is the hundreds digit of 602?
6
What is the tens digit of 1026?
2
What is the ten thousands digit of 32202?
3
What is the ten thousands digit of 12814?
1
What is the units digit of 502?
2
What is the units digit of 765?
5
What is the hundreds digit of 6857?
8
What is the units digit of 1200?
0
What is the hundreds digit of 2018?
0
What is the ten thousands digit of 103180?
0
What is the thousands digit of 6689?
6
What is the units digit of 2258?
8
What is the thousands digit of 112842?
2
What is the ten thousands digit of 87020?
8
What is the hundreds digit of 805?
8
What is the tens digit of 2774?
7
What is the tens digit of 9439?
3
What is the hundreds digit of 712?
7
What is the units digit of 9308?
8
What is the ten thousands digit of 26292?
2
What is the units digit of 28077?
7
What is the tens digit of 277?
7
What is the units digit of 6092?
2
What is the hundreds digit of 556?
5
What is the hundreds digit of 8179?
1
What is the hundreds digit of 329?
3
What is the tens digit of 10025?
2
What is the tens digit of 38010?
1
What is the tens digit of 8640?
4
What is the thousands digit of 7294?
7
What is the tens digit of 1437?
3
What is the thousands digit of 17473?
7
What is the hundreds digit of 23073?
0
What is the thousands digit of 10043?
0
What is the units digit of 10896?
6
What is the ten thousands digit of 24785?
2
What is the ten thousands digit of 34209?
3
What is the hundreds digit of 21112?
1
What is the units digit of 853?
3
What is the thousands digit of 1380?
1
What is the hundreds digit of 1335?
3
What is the thousands digit of 5588?
5
What is the tens digit of 13800?
0
What is the tens digit of 11895?
9
What is the tens digit of 48?
4
What is the tens digit of 20351?
5
What is the units digit of 2931?
1
What is the units digit of 1337?
7
What is the units digit of 146?
6
What is the thousands digit of 61277?
1
What is the hundreds digit of 19908?
9
What is the hundred thousands digit of 100288?
1
What is the units digit of 11924?
4
What is the hundreds digit of 166?
1
What is the units digit of 392?
2
What is the ten thousands digit of 10467?
1
What is the units digit of 95294?
4
What is the tens digit of 189537?
3
What is the hundreds digit of 89579?
5
What is the tens digit of 9132?
3
What is the hundreds digit of 811?
8
What is the units digit of 1383?
3
What is the units digit of 7409?
9
What is the tens digit of 523?
2
What is the thousands digit of 4583?
4
What is the hundreds digit of 1797?
7
What is the hundreds digit of 5801?
8
What is the thousands digit of 1103?
1
What is the units digit of 272?
2
What is the thousands digit of 8205?
8
What is the tens digit of 6946?
4
What is the units digit of 25270?
0
What is the units digit of 443?
3
What is the tens digit of 89340?
4
What is the hundreds digit of 213?
2
What is the hundreds digit of 17148?
1
What is the tens digit of 1436?
3
What is the hundreds digit of 64257?
2
What is the hundreds digit of 3426?
4
What is the tens digit of 58249?
4
What is the ten thousands digit of 24931?
2
What is the hundreds digit of 4937?
9
What is the units digit of 29886?
6
What is the thousands digit of 58454?
8
What is the hundreds digit of 805?
8
What is the thousands digit of 5885?
5
What is the hundreds digit of 283?
2
What is the hundreds digit of 146?
1
What is the thousands digit of 49111?
9
What is the t